t is the thousands digit of 752514?
2
What is the hundred thousands digit of 19268187?
2
What is the hundreds digit of 1949801?
8
What is the units digit of 2267208?
8
What is the thousands digit of 169911?
9
What is the hundreds digit of 201151?
1
What is the hundreds digit of 2760130?
1
What is the ten thousands digit of 802130?
0
What is the hundred thousands digit of 6626479?
6
What is the tens digit of 49836?
3
What is the units digit of 7639377?
7
What is the units digit of 470431?
1
What is the units digit of 4597353?
3
What is the hundreds digit of 342513?
5
What is the hundred thousands digit of 1853926?
8
What is the tens digit of 8539505?
0
What is the thousands digit of 6010496?
0
What is the units digit of 8107374?
4
What is the thousands digit of 268035?
8
What is the tens digit of 89544?
4
What is the thousands digit of 601740?
1
What is the ten thousands digit of 9891669?
9
What is the units digit of 20067122?
2
What is the tens digit of 657925?
2
What is the ten thousands digit of 4949057?
4
What is the units digit of 108603?
3
What is the tens digit of 875428?
2
What is the hundreds digit of 1614839?
8
What is the hundred thousands digit of 23947676?
9
What is the ten thousands digit of 595389?
9
What is the thousands digit of 1334286?
4
What is the ten millions digit of 19464352?
1
What is the units digit of 1838381?
1
What is the hundred thousands digit of 136855?
1
What is the ten millions digit of 11995096?
1
What is the thousands digit of 550334?
0
What is the units digit of 239582?
2
What is the hundred thousands digit of 962489?
9
What is the units digit of 5267075?
5
What is the ten thousands digit of 88194?
8
What is the units digit of 12869387?
7
What is the ten thousands digit of 6901366?
0
What is the tens digit of 9880062?
6
What is the tens digit of 21092?
9
What is the ten millions digit of 10857530?
1
What is the thousands digit of 351619?
1
What is the units digit of 450161?
1
What is the units digit of 9484795?
5
What is the hundreds digit of 431874?
8
What is the hundreds digit of 3404453?
4
What is the hundred thousands digit of 507661?
5
What is the tens digit of 2470563?
6
What is the ten thousands digit of 247258?
4
What is the ten thousands digit of 2750735?
5
What is the thousands digit of 11656778?
6
What is the ten thousands digit of 15432?
1
What is the units digit of 2746572?
2
What is the units digit of 13747470?
0
What is the thousands digit of 10493647?
3
What is the ten thousands digit of 2231162?
3
What is the ten thousands digit of 4984841?
8
What is the tens digit of 39046?
4
What is the thousands digit of 9157?
9
What is the hundred thousands digit of 1855371?
8
What is the thousands digit of 948948?
8
What is the hundreds digit of 470409?
4
What is the hundreds digit of 89306?
3
What is the hundred thousands digit of 16384413?
3
What is the thousands digit of 448703?
8
What is the units digit of 366309?
9
What is the tens digit of 2158672?
7
What is the ten thousands digit of 89403?
8
What is the units digit of 8719?
9
What is the millions digit of 18296201?
8
What is the millions digit of 3522467?
3
What is the units digit of 9739071?
1
What is the tens digit of 9220434?
3
What is the units digit of 197858?
8
What is the tens digit of 738367?
6
What is the ten thousands digit of 11599053?
9
What is the ten thousands digit of 251726?
5
What is the units digit of 654110?
0
What is the tens digit of 2462387?
8
What is the tens digit of 737129?
2
What is the hundreds digit of 887991?
9
What is the thousands digit of 18991?
8
What is the ten thousands digit of 2683549?
8
What is the units digit of 6121362?
2
What is the units digit of 62332?
2
What is the ten millions digit of 13814184?
1
What is the ten thousands digit of 78539?
7
What is the ten thousands digit of 306372?
0
What is the units digit of 443947?
7
What is the hundreds digit of 2896436?
4
What is the units digit of 708736?
6
What is the millions digit of 1464894?
1
What is the hundreds digit of 10389646?
6
What is the thousands digit of 83166?
3
What is the hundred thousands digit of 932330?
9
What is the ten thousands digit of 459747?
5
What is the thousands digit of 590624?
0
What is the ten millions digit of 18270980?
1
What is the thousands digit of 415799?
5
What is the millions digit of 22174890?
2
What is the tens digit of 89660?
6
What is the units digit of 1277454?
4
What is the tens digit of 524524?
2
What is the ten thousands digit of 5640748?
4
What is the units digit of 201723?
3
What is the tens digit of 3797993?
9
What is the hundreds digit of 756007?
0
What is the hundreds digit of 12811036?
0
What is the hundreds digit of 272179?
1
What is the tens digit of 243207?
0
What is the ten thousands digit of 24579411?
7
What is the ten thousands digit of 4363344?
6
What is the thousands digit of 161921?
1
What is the hundred thousands digit of 295944?
2
What is the thousands digit of 317858?
7
What is the units digit of 1959887?
7
What is the hundred thousands digit of 2327414?
3
What is the tens digit of 900500?
0
What is the tens digit of 46364?
6
What is the ten thousands digit of 570560?
7
What is the hundreds digit of 937305?
3
What is the units digit of 531969?
9
What is the hundreds digit of 535560?
5
What is the hundred thousands digit of 2409898?
4
What is the tens digit of 193126?
2
What is the hundred thousands digit of 105762?
1
What is the thousands digit of 697280?
7
What is the units digit of 1845527?
7
What is the units digit of 662548?
8
What is the tens digit of 154286?
8
What is the thousands digit of 4887029?
7
What is the hundred thousands digit of 151002?
1
What is the hundred thousands digit of 565508?
5
What is the units digit of 442039?
9
What is the ten thousands digit of 442875?
4
What is the hundreds digit of 571375?
3
What is the millions digit of 1106971?
1
What is the units digit of 18118?
8
What is the tens digit of 568859?
5
What is the hundreds digit of 2588024?
0
What is the millions digit of 11358466?
1
What is the ten thousands digit of 395013?
9
What is the ten thousands digit of 818453?
1
What is the units digit of 3471086?
6
What is the hundred thousands digit of 8167388?
1
What is the thousands digit of 3407835?
7
What is the millions digit of 23326095?
3
What is the tens digit of 4629974?
7
What is the ten thousands digit of 916864?
1
What is the ten thousands digit of 16927881?
2
What is the thousands digit of 1922670?
2
What is the thousands digit of 7589892?
9
What is the units digit of 18040282?
2
What is the millions digit of 6882590?
6
What is the hundreds digit of 50996?
9
What is the thousands digit of 7055128?
5
What is the thousands digit of 867123?
7
What is the units digit of 333270?
0
What is the thousands digit of 30058?
0
What is the units digit of 1765465?
5
What is the hundred thousands digit of 5250825?
2
What is the hundred thousands digit of 2558845?
5
What is the ten millions digit of 13270017?
1
What is the ten millions digit of 13368784?
1
What is the units digit of 4039540?
0
What is the ten thousands digit of 30181763?
8
What is the tens digit of 2432187?
8
What is the tens digit of 212925?
2
What is the tens digit of 2077463?
6
What is the thousands digit of 15267696?
7
What is the thousands digit of 126637?
6
What is the hundreds digit of 6673077?
0
What is the ten thousands digit of 60270?
6
What is the ten thousands digit of 10674086?
7
What is the units digit of 12762921?
1
What is the units digit of 9859927?
7
What is the hundred thousands digit of 132242?
1
What is the thousands digit of 570806?
0
What is the hundred thousands digit of 6934777?
9
What is the ten thousands digit of 6816226?
1
What is the millions digit of 1568171?
1
What is the units digit of 4289235?
5
What is the hundred thousands digit of 211559?
2
What is the units digit of 62112?
2
What is the ten thousands digit of 8948380?
4
What is the hundred thousands digit of 4127301?
1
What is the units digit of 6158657?
7
What is the units digit of 774482?
2
What is the tens digit of 1341727?
2
What is the millions digit of 8075437?
8
What is the ten thousands digit of 221968?
2
What is the hundred thousands digit of 233192?
2
What is the hundred thousands digit of 2564659?
5
Wha